ative of i(c). What is t(3)?
5
Let c(j) be the third derivative of -9*j**4/4 + j**3/3 - 41*j**2. What is c(1)?
-52
Let z(q) be the second derivative of -q**4/3 + 3*q**2 - 6*q. Let s(d) = -1. Let g be -1 + 0 + 36/6. Let k(i) = g*s(i) + z(i). Give k(1).
-3
Let a(u) = 2*u - 1. Let l be 33/6 - (-1)/2. Suppose -19 = 3*i + 2*j, -5*j - 37 + l = 2*i. Let s = i - -5. Determine a(s).
3
Let g(b) = 10*b**2 + 0*b**2 - 9*b - 4*b**2 - 5*b**2 + 5. What is g(8)?
-3
Let t(w) be the second derivative of -11*w**3/6 - w**2 - 5*w - 17. Calculate t(4).
-46
Let t(p) be the first derivative of p**2 + 264. What is t(-6)?
-12
Let n(t) = t - 8 + 2*t**2 - 5*t**2 + 0*t**2 - 4*t - t**3 - 4*t**2. Give n(-7).
13
Let y(b) = -5*b + 8*b**2 - 7 + 13 - 5*b + 0*b**2 + 2*b - b**3. Determine y(7).
-1
Let t(p) be the first derivative of -50 - 1/3*p**3 + 1/2*p**2 + 0*p. Determine t(2).
-2
Let t(q) = -18*q - 2 + 0 + 16*q + q**3 + 7*q**2. Let d be (9/(-12))/(2/(-8)) + -10. Give t(d).
12
Let l = -8123 + 8120. Let b(w) = w**2 - 3 + 3*w**2 - 3*w - 5*w**2. Determine b(l).
-3
Let c be 1 + 6/(5 + -3). Let o = 0 + c. Let s(z) = -z**3 - 4*z - 1 + 2*z - z**2 + o*z + 3. Give s(-2).
2
Suppose -4*w - 9*w - 546 = 0. Let a be (4/(-6))/(245/w + 6). Let f(r) = 3*r + 3. Give f(a).
-9
Let s(a) = -8*a**2 + 5*a - 5. Suppose -b + 5 = -1. Let f(x) = 7*x**2 - 5*x + 5. Let o(j) = b*s(j) + 7*f(j). Let q(i) = i - 5. Let m be q(9). Calculate o(m).
1
Suppose 4*f - 5 = 7. Let k(v) be the second derivative of v**3/6 + 2*v**2 - 62*v + 1. What is k(f)?
7
Let f(x) = -x**3 - 7*x**2 - 7. Let r be -6 + -7 + 17 + 11/(-1). Calculate f(r).
-7
Let t(n) be the third derivative of -n**6/120 - 2*n**5/15 - 7*n**4/24 + n**3/3 + 8*n**2 + 5*n. Give t(-7).
2
Let f(k) = k + 33. Suppose 4*d = 2*d - 38. Give f(d).
14
Suppose -q + 1 = 13. Let c = q - -12. Let l(f) = -f**3 + f**2 + f - 7. Calculate l(c).
-7
Let i(a) = -2*a**2 + 16*a - 9. Let t(l) = l**2 - 8*l + 4. Let q(d) = 4*i(d) + 7*t(d). Let u = -215 + 221. What is q(u)?
4
Let i = -25 + 28. Let w be i*(-3)/9 - -3. Let a be 1/((-36)/20 + w). Let y(c) = -c**3 + 5*c**2 - 2*c + 3. Determine y(a).
-7
Let h(s) be the first derivative of -s**6/120 - s**4/24 - 6*s**3 - 15. Let d(o) be the third derivative of h(o). Give d(1).
-4
Let q(l) be the first derivative of l**4/4 + 4*l**3/3 + l**2/2 - 4*l + 266. What is q(-4)?
-8
Let u(r) = r**3 - r**2 + 2*r + 25. Let f = 84 - 84. What is u(f)?
25
Suppose -7 = 4*d - 5*d. Let a(p) = p**3 + p**2 + p. Let q(s) = -s**3 - 9*s**2 - s + 3. Let y(k) = -2*a(k) - q(k). Determine y(d).
-10
Let s(i) = 3*i**2 + 2*i + 4. Let f(r) = 9*r + 12*r**2 + 19 + 4*r**2 + 0*r. Let m(c) = -2*f(c) + 11*s(c). Suppose 174 = 80*t + 494. What is m(t)?
6
Let b(q) = -7*q. Suppose -5*i - 5*k + 5 = 0, -5*k = 2*i - 12 - 2. What is b(i)?
21
Let k(w) = -w + 7. Let d be k(5). Suppose -z = 4*l + l - 5, -d*z - 2 = -2*l. Let r(m) = m**3 - m - 8. Determine r(z).
-8
Let t(v) = -v**2 + 685*v + 2*v**2 + 24 - 674*v. Determine t(-8).
0
Let x(q) = -2*q**2 + 23 - 2*q**2 + 22*q**2 - 16*q - 13*q**2 - 6*q**2. Give x(-17).
6
Suppose 5*q + 2 = -u + 8, 0 = -2*u - q - 6. Let x(v) = 5*v + 17. Give x(u).
-3
Let t(k) = 2*k**2 - 20*k + 10. Let g be 6*(11 - 190/20). Give t(g).
-8
Let w(r) = -6*r + 57. Let d(n) = -n + 8. Let k(h) = h**2 + 3*h - 4. Let m be k(0). Let o(v) = m*w(v) + 27*d(v). Determine o(-8).
12
Let l(x) = x**3 + 11*x**2 - x - 1. Suppose -4*d + 10*v - 5*v = 44, 0 = -2*v. Calculate l(d).
10
Let i(y) = 2*y**2 - 5*y**2 - 2 - 3*y + 2*y**2. Let p be (-8)/(-3) + (-32)/48. Suppose -p*s - 3*x + 2 = 0, -8*s = -3*s + 5*x. Calculate i(s).
0
Let k(m) = -32*m**2 - 10 - 2*m**3 + m**3 - 3*m + 3 + 32*m**2. Calculate k(0).
-7
Suppose 10 = -a + 4. Let w(p) = 7*p + p - 151*p**2 + 9 + 75*p**2 + 77*p**2. Determine w(a).
-3
Let b(i) be the third derivative of -1/60*i**5 - 5/6*i**3 + 0 + 0*i - 1/4*i**4 - 13*i**2. What is b(-5)?
0
Suppose -g = 4*p + 9, p + 15 = -4*p - 5*g. Let c be (2 + -3)/(p/10). Let d(k) = -k**2 - 1. Let v(u) = 2*u**2 - u + 2. Let l(a) = 7*d(a) + 4*v(a). What is l(c)?
6
Let z(f) be the third derivative of 1/120*f**6 + 0 + 14*f**2 + 1/30*f**5 - 1/3*f**3 + 0*f - 1/4*f**4. Calculate z(-4).
-10
Let h(f) = f**3 - 13*f**2 - f + 15. Let i be h(13). Let v(n) = n**3 - 3 - 5 + 5 + 5*n**i + 4 + n. Calculate v(-5).
-4
Let q(j) = j + 7. Let b be 2*2*(-18)/24. Give q(b).
4
Let g(b) = 3*b - 2. Let l(r) = -r + 1. Let a be (6/(-4))/((-7)/(-56)). Let v = -11 - a. Let s(y) = v*g(y) + 6*l(y). Calculate s(4).
-8
Suppose -45*i + 22 = -23*i. Let x(b) be the third derivative of b**5/10 - b**3/6 - b**2. Calculate x(i).
5
Let v(b) = -b**3 - 4*b**2 - 4*b - 1. Let l be v(-3). Suppose 7*k - 37 = -l. Let g(x) = x - 4. Give g(k).
1
Let s(j) = -j**3 - 2*j**2 + 2*j + 1. Let n = 139 - 142. Give s(n).
4
Let k(i) = -i**2 + 4*i + 7. Let d be 10/(-55) - (-4)/22. Suppose 0 = m + 3*h - 2*h, d = -3*h - 9. Suppose 0*u = m*u - 18. Give k(u).
-5
Let h(u) be the third derivative of -u**6/120 - 7*u**5/60 + u**4/24 + 5*u**3/3 + 2*u**2. Let l = -207 + 200. Determine h(l).
3
Let c(r) = -2*r + 2*r**2 - 2*r**2 - 61104 + 61104 + r**2. Suppose 5 = -5*f - 5. What is c(f)?
8
Let n(c) = -8*c**2 - 3*c + 6. Let s(q) = 7*q**2 + 4*q - 6. Let d(a) = -6*n(a) - 7*s(a). Determine d(-10).
6
Let k(n) = 6*n + 29. Let q be k(-4). Suppose 3 + q = -2*u. Let x(s) = -2*s - 1. Calculate x(u).
7
Let o(n) = 5*n - 4. Let q be o(0). Let h be (-2)/(-11) + (320/(-44))/q. Let f(c) = -1 + c**2 - c + c - c**3. What is f(h)?
-5
Let b(d) = -13*d**3 - 68*d**2 - 69*d + 94. Let h(n) = 17*n**3 + 90*n**2 + 91*n - 125. Let c(o) = 13*b(o) + 10*h(o). Calculate c(-15).
2
Suppose -c + 8 = -1. Let p be 30/c*12/(-10). Let n(y) = -y**3 + 3*y + 2 - 11 - 3*y**2 + 7. What is n(p)?
2
Suppose -3*q - t + 162 = -6*t, -2*t = 0. Let x = q - 48. Let r(n) be the second derivative of n**4/12 - n**3 + 5*n**2/2 + n. Determine r(x).
5
Let o(q) be the second derivative of 2*q - 7/6*q**3 + 0 + 1/24*q**4 - q**2. Let n(s) be the first derivative of o(s). Calculate n(5).
-2
Let f(m) be the third derivative of m**4/12 + m**3/6 + 14*m**2 + 71. Suppose 0 = 3*h + 24 - 3. Determine f(h).
-13
Let s be 1/6*-8*(-6)/2. Let r(i) = -4*i - s - 6*i + 6*i + 6*i. Suppose -d + 4*d = 15. What is r(d)?
6
Let u(h) be the third derivative of h**4/12 - h**3/6 + 25*h**2 - h. Determine u(-7).
-15
Let s(b) = -13*b**2 + b + 10. Let m(r) = -r**2 - 2*r + 5. Let l(p) = -2*m(p) + s(p). Calculate l(2).
-34
Suppose -18 + 4 = 5*a + 4*d, 5*d - 3 = 4*a. Let k be (-1)/1 + (-8)/a. Let t(z) = -2*z**2 - 1. Calculate t(k).
-19
Let n(l) = l**2 - 2*l - 1. Let c be n(4). Let a(b) = b**2. Let y(s) = -4*s**2 - 5*s - 3. Let j(i) = 5*a(i) + y(i). Determine j(c).
11
Let t be -5*(-2 + 6/6)*1. Let o(f) be the second derivative of 0 - 1/12*f**4 + f**3 + 2*f - 2*f**2. Determine o(t).
1
Let u(d) = -d**3 + 4*d**2 - 3*d + 4. Let i(k) = 9*k + 8. Let h be i(-4). Let w = 31 + h. What is u(w)?
4
Let w(b) = -22 + 5*b - 26*b + 22 - 9*b. Give w(2).
-60
Let k(l) = -l**2 + 3*l - 1. Let f = -1 + 3. Suppose -5*u + 2 = 5*o - 8, f*u - 5*o = 25. Suppose u*j + 1 - 11 = 0. Determine k(j).
1
Suppose 52*z + 414 = 6*z. Let p(b) = b**2 + 5*b - 4. Determine p(z).
32
Let r be (54/(-8))/(3/12). Let z = r - -21. Let v(j) = j**3 + j**2 - 2*j - 7. Let p(s) = -s**3 + 3*s + 8. Let n(a) = -6*p(a) - 7*v(a). Calculate n(z).
-11
Let k = 5 - 4. Let m(f) = 71*f**2 - 11*f - 83. Let a(g) = -14*g**2 + 2*g + 15. Let w(v) = 11*a(v) + 2*m(v). Give w(k).
-13
Suppose -3*s + 4*p = 132, p - 15 - 30 = s. Let z = s - -43. Let c(a) = -a. Give c(z).
5
Let y(n) be the first derivative of n**4/4 - 7*n**3/3 + 5*n**2/2 - 9*n - 89. Calculate y(6).
-15
Suppose 9*h = 7*h + 14. Suppose -h = -k + 11. Let v(y) = k + 21 + y - 41. Give v(-5).
-7
Suppose b - 73 = -g + 2*b, -5*g - 2*b = -372. Let f(h) = -35*h + g*h + 2 - 36*h - h**2. Determine f(4).
-2
Let v be (1 + -3)/(17 + -21). Let j(r) be the second derivative of -1/6*r**3 + 1/12*r**4 + 0 + r + v*r**2. Calculate j(3).
7
Let t(g) = g**2 - 19 + 8 - 20*g + 36*g - 7*g. Determine t(-9).
-11
Let t(l) be the second derivative of -1/3*l**3 + 0 - l - 2*l**2. Let m = -2718 - -2712. Give t(m).
8
Let o(n) be the first derivative of 2*n**3/3 + n**2 - 2*n - 1. Let w(v) = -v**2 + 5*v + 21. Let t(u) = -5*u - 17. Let h be t(-5). Let s be w(h). What is o(s)?
10
Let z(f) = -f**2 - 11*f + 5 -